{"id":51919,"date":"2023-11-01T19:49:36","date_gmt":"2023-11-01T22:49:36","guid":{"rendered":"https:\/\/modamentha.com.br\/?post_type=product&#038;p=51919"},"modified":"2026-08-08T10:56:57","modified_gmt":"2026-08-08T13:56:57","slug":"calca-twill-reta-pregas","status":"publish","type":"product","link":"https:\/\/modamentha.com.br\/?product=calca-twill-reta-pregas","title":{"rendered":"Cal\u00e7a Twill Reta Pregas"},"content":{"rendered":"","protected":false},"excerpt":{"rendered":"<p>Calca confeccionada em alfaiataria mista de viscose texturizada. Possui cintura alta, c\u00f3s com detalhe de pregas e z\u00edper de nylon. Modelagem que come\u00e7a soltinha no quadril e segue reto at\u00e9 a barra.<\/p>\n<p>Composi\u00e7\u00e3o:<br \/>\n92% VISCOSE 8% POLI\u00c9STER<br \/>\nFORRO:<br \/>\n100% POLI\u00c9STER<\/p>\n","protected":false},"featured_media":51928,"template":"","meta":[],"class_list":["post-51919","product","type-product","status-publish","has-post-thumbnail","product_cat-calcas","first","outofstock","shipping-taxable","purchasable","product-type-variable"],"jetpack_sharing_enabled":true,"_links":{"self":[{"href":"https:\/\/modamentha.com.br\/index.php?rest_route=\/wp\/v2\/product\/51919","targetHints":{"allow":["GET"]}}],"collection":[{"href":"https:\/\/modamentha.com.br\/index.php?rest_route=\/wp\/v2\/product"}],"about":[{"href":"https:\/\/modamentha.com.br\/index.php?rest_route=\/wp\/v2\/types\/product"}],"wp:featuredmedia":[{"embeddable":true,"href":"https:\/\/modamentha.com.br\/index.php?rest_route=\/wp\/v2\/media\/51928"}],"wp:attachment":[{"href":"https:\/\/modamentha.com.br\/index.php?rest_route=%2Fwp%2Fv2%2Fmedia&parent=51919"}],"curies":[{"name":"wp","href":"https:\/\/api.w.org\/{rel}","templated":true}]}}

Calça Twill Reta Pregas

<p>Calca confeccionada em alfaiataria mista de viscose texturizada. Possui cintura alta, cós com detalhe de pregas e zíper de nylon. Modelagem que começa soltinha no quadril e segue reto até a barra.</p>
<p>Composição:<br />
92% VISCOSE 8% POLIÉSTER<br />
FORRO:<br />
100% POLIÉSTER</p>
