{"id":53258,"date":"2023-11-30T16:49:41","date_gmt":"2023-11-30T19:49:41","guid":{"rendered":"https:\/\/modamentha.com.br\/?post_type=product&#038;p=53258"},"modified":"2023-12-24T13:02:18","modified_gmt":"2023-12-24T16:02:18","slug":"conjunto-listra-blusa-e-saia-midi","status":"publish","type":"product","link":"https:\/\/modamentha.com.br\/?product=conjunto-listra-blusa-e-saia-midi","title":{"rendered":"Conjunto Listra Blusa e Saia Midi"},"content":{"rendered":"","protected":false},"excerpt":{"rendered":"<p>Conjunto malha listra, blusa b\u00e1sica decote redondo e saia midi com frente transpassada, el\u00e1stico no c\u00f3s.<\/p>\n<p>Composi\u00e7\u00e3o:<br \/>\n96% Viscose<br \/>\n04% Elastano<\/p>\n","protected":false},"featured_media":53254,"template":"","meta":{"spay_email":""},"supplier_id":null,"supplier_sku":"","atum_controlled":true,"out_stock_date":null,"out_stock_threshold":null,"inheritable":true,"inbound_stock":0,"stock_on_hold":0,"sold_today":null,"sales_last_days":null,"reserved_stock":0,"customer_returns":0,"warehouse_damage":0,"lost_in_post":0,"other_logs":0,"out_stock_days":null,"lost_sales":null,"has_location":false,"update_date":"2023-11-30T22:52:32","atum_locations":[],"atum_stock_status":"instock","low_stock":false,"_links":{"self":[{"href":"https:\/\/modamentha.com.br\/index.php?rest_route=\/wp\/v2\/product\/53258"}],"collection":[{"href":"https:\/\/modamentha.com.br\/index.php?rest_route=\/wp\/v2\/product"}],"about":[{"href":"https:\/\/modamentha.com.br\/index.php?rest_route=\/wp\/v2\/types\/product"}],"wp:featuredmedia":[{"embeddable":true,"href":"https:\/\/modamentha.com.br\/index.php?rest_route=\/wp\/v2\/media\/53254"}],"wp:attachment":[{"href":"https:\/\/modamentha.com.br\/index.php?rest_route=%2Fwp%2Fv2%2Fmedia&parent=53258"}],"curies":[{"name":"wp","href":"https:\/\/api.w.org\/{rel}","templated":true}]}}