{"id":60997,"date":"2024-05-16T19:57:43","date_gmt":"2024-05-16T22:57:43","guid":{"rendered":"https:\/\/modamentha.com.br\/?post_type=product&#038;p=60997"},"modified":"2026-07-29T17:01:48","modified_gmt":"2026-07-29T20:01:48","slug":"saia-midi-evase-3","status":"publish","type":"product","link":"https:\/\/modamentha.com.br\/?product=saia-midi-evase-3","title":{"rendered":"Saia Midi Evas\u00ea"},"content":{"rendered":"","protected":false},"excerpt":{"rendered":"<p>Saia midi confeccionado em tecido memory, com caimento reto e encorpado. Possui modelagem evas\u00ea, c\u00f3s reto, passantes e recorte na vertical, alongando a silhueta da mulher. Fechamento nas costas com z\u00edper invis\u00edvel. \u00c9 uma pe\u00e7a perfeita, que proporciona sofistica\u00e7\u00e3o e um look elegante.<\/p>\n<p>Tecido:<br \/>\nMemory<\/p>\n<p>Composi\u00e7\u00e3o:<br \/>\nCorpo:<br \/>\n100% Poli\u00e9ster<\/p>\n<p>Tabela de Medidas:<br \/>\n38 (P) &#8211; Cintura 72 cm | Quadril 104.00 cm | Comprimento 82,50 cm<br \/>\n40 (M) &#8211; Cintura 76 cm | Quadril 108.00 cm | Comprimento 84,50 cm<br \/>\n42 (G) &#8211; Cintura 80 cm | Quadril 112.00 cm | Comprimento 86,50 cm<\/p>\n","protected":false},"featured_media":60984,"template":"","meta":[],"class_list":["post-60997","product","type-product","status-publish","has-post-thumbnail","product_cat-saia","product_cat-midi-saia","first","outofstock","shipping-taxable","purchasable","product-type-variable"],"jetpack_sharing_enabled":true,"_links":{"self":[{"href":"https:\/\/modamentha.com.br\/index.php?rest_route=\/wp\/v2\/product\/60997","targetHints":{"allow":["GET"]}}],"collection":[{"href":"https:\/\/modamentha.com.br\/index.php?rest_route=\/wp\/v2\/product"}],"about":[{"href":"https:\/\/modamentha.com.br\/index.php?rest_route=\/wp\/v2\/types\/product"}],"wp:featuredmedia":[{"embeddable":true,"href":"https:\/\/modamentha.com.br\/index.php?rest_route=\/wp\/v2\/media\/60984"}],"wp:attachment":[{"href":"https:\/\/modamentha.com.br\/index.php?rest_route=%2Fwp%2Fv2%2Fmedia&parent=60997"}],"curies":[{"name":"wp","href":"https:\/\/api.w.org\/{rel}","templated":true}]}}

Saia Midi Evasê

<p>Saia midi confeccionado em tecido memory, com caimento reto e encorpado. Possui modelagem evasê, cós reto, passantes e recorte na vertical, alongando a silhueta da mulher. Fechamento nas costas com zíper invisível. É uma peça perfeita, que proporciona sofisticação e um look elegante.</p>
<p>Tecido:<br />
Memory</p>
<p>Composição:<br />
Corpo:<br />
100% Poliéster</p>
<p>Tabela de Medidas:<br />
38 (P) &#8211; Cintura 72 cm | Quadril 104.00 cm | Comprimento 82,50 cm<br />
40 (M) &#8211; Cintura 76 cm | Quadril 108.00 cm | Comprimento 84,50 cm<br />
42 (G) &#8211; Cintura 80 cm | Quadril 112.00 cm | Comprimento 86,50 cm</p>
