{"id":66456,"date":"2024-09-18T17:52:46","date_gmt":"2024-09-18T20:52:46","guid":{"rendered":"https:\/\/modamentha.com.br\/?post_type=product&#038;p=66456"},"modified":"2025-12-12T11:17:15","modified_gmt":"2025-12-12T14:17:15","slug":"saia-midi-recortes","status":"publish","type":"product","link":"https:\/\/modamentha.com.br\/?product=saia-midi-recortes","title":{"rendered":"Saia Midi Recortes"},"content":{"rendered":"","protected":false},"excerpt":{"rendered":"<p>Saia midi evas\u00ea com recortes na malha, el\u00e1stico no c\u00f3s.<\/p>\n<p>Composi\u00e7\u00e3o:<br \/>\n94% Viscose<br \/>\n06% Elastano<\/p>\n","protected":false},"featured_media":66444,"template":"","meta":[],"class_list":["post-66456","product","type-product","status-publish","has-post-thumbnail","product_cat-saia","product_cat-midi-saia","first","instock","shipping-taxable","purchasable","product-type-variable"],"jetpack_sharing_enabled":true,"_links":{"self":[{"href":"https:\/\/modamentha.com.br\/index.php?rest_route=\/wp\/v2\/product\/66456","targetHints":{"allow":["GET"]}}],"collection":[{"href":"https:\/\/modamentha.com.br\/index.php?rest_route=\/wp\/v2\/product"}],"about":[{"href":"https:\/\/modamentha.com.br\/index.php?rest_route=\/wp\/v2\/types\/product"}],"wp:featuredmedia":[{"embeddable":true,"href":"https:\/\/modamentha.com.br\/index.php?rest_route=\/wp\/v2\/media\/66444"}],"wp:attachment":[{"href":"https:\/\/modamentha.com.br\/index.php?rest_route=%2Fwp%2Fv2%2Fmedia&parent=66456"}],"curies":[{"name":"wp","href":"https:\/\/api.w.org\/{rel}","templated":true}]}}

<p>Saia midi evasê com recortes na malha, elástico no cós.</p>
<p>Composição:<br />
94% Viscose<br />
06% Elastano</p>
