{"id":67123,"date":"2024-09-25T10:27:36","date_gmt":"2024-09-25T13:27:36","guid":{"rendered":"https:\/\/modamentha.com.br\/?post_type=product&#038;p=67123"},"modified":"2025-04-12T14:38:37","modified_gmt":"2025-04-12T17:38:37","slug":"colete-alfaiataria-twill","status":"publish","type":"product","link":"https:\/\/modamentha.com.br\/?product=colete-alfaiataria-twill","title":{"rendered":"Colete Alfaiataria Twill"},"content":{"rendered":"","protected":false},"excerpt":{"rendered":"<p>Colete confeccionado em alfaiataria, com caimento encorpado. Possui decote V, abotoamento na vista transpassado com bot\u00e3o de massa, pence frontal e recorte traseiro. Destaque para detalhe nas costas com faixa e abotoamento duplo. \u00c9 uma pe\u00e7a perfeita para compor looks modernos e casuais.<\/p>\n<p>Tecido:<br \/>\nAlfaiataria<\/p>\n<p>Composi\u00e7\u00e3o:<br \/>\nCorpo:<br \/>\n90% Poliester<br \/>\n10% Elastano<br \/>\nForro:<br \/>\n100% Poli\u00e9ster<\/p>\n<p>Tabela de Medidas:<br \/>\nPP &#8211; Busto 84.00 cm | Cintura 80.00 cm | Comprimento 49.00 cm<br \/>\nP &#8211; Busto 88.00 cm | Cintura 84.00 cm | Comprimento 51.00 cm<br \/>\nM &#8211; Busto 92.00 cm | Cintura 88.00 cm | Comprimento 53.00 cm<br \/>\nG &#8211; Busto 96.00 cm | Cintura 92.00 cm | Comprimento 55.00 cm<\/p>\n","protected":false},"featured_media":67085,"template":"","meta":{"spay_email":""},"supplier_id":null,"supplier_sku":"","atum_controlled":true,"out_stock_date":null,"out_stock_threshold":null,"inheritable":true,"inbound_stock":0,"stock_on_hold":0,"sold_today":0,"sales_last_days":1,"reserved_stock":0,"customer_returns":0,"warehouse_damage":0,"lost_in_post":0,"other_logs":0,"out_stock_days":null,"lost_sales":0,"has_location":false,"update_date":"2024-11-14T16:45:28","atum_locations":[],"atum_stock_status":"instock","low_stock":false,"_links":{"self":[{"href":"https:\/\/modamentha.com.br\/index.php?rest_route=\/wp\/v2\/product\/67123"}],"collection":[{"href":"https:\/\/modamentha.com.br\/index.php?rest_route=\/wp\/v2\/product"}],"about":[{"href":"https:\/\/modamentha.com.br\/index.php?rest_route=\/wp\/v2\/types\/product"}],"wp:featuredmedia":[{"embeddable":true,"href":"https:\/\/modamentha.com.br\/index.php?rest_route=\/wp\/v2\/media\/67085"}],"wp:attachment":[{"href":"https:\/\/modamentha.com.br\/index.php?rest_route=%2Fwp%2Fv2%2Fmedia&parent=67123"}],"curies":[{"name":"wp","href":"https:\/\/api.w.org\/{rel}","templated":true}]}}