{"id":67157,"date":"2024-09-25T11:17:36","date_gmt":"2024-09-25T14:17:36","guid":{"rendered":"https:\/\/modamentha.com.br\/?post_type=product&#038;p=67157"},"modified":"2026-07-31T18:46:12","modified_gmt":"2026-07-31T21:46:12","slug":"calca-reta-vinco-alfaiataria-2","status":"publish","type":"product","link":"https:\/\/modamentha.com.br\/?product=calca-reta-vinco-alfaiataria-2","title":{"rendered":"Cal\u00e7a Reta Vinco Alfaiataria"},"content":{"rendered":"","protected":false},"excerpt":{"rendered":"<p>Cal\u00e7a confeccionada em alfaiataria, com shape reto. Possui bolso faca, c\u00f3s com passantes fixos, bolso embutido posterior e pence. Destaque para detalhe de nervura frontal. Fechamento na vista com z\u00edper, fecho social e bot\u00e3o de seguran\u00e7a interno. Uma pe\u00e7a perfeita para compor com looks sofisticado e elegantes.<\/p>\n<p>Tecido:<br \/>\nAlfaiataria<\/p>\n<p>Composi\u00e7\u00e3o:<br \/>\n90% Poliester<br \/>\n10% Elastano<\/p>\n<p>Tabela de Medidas:<br \/>\n36 &#8211; Cintura 68 cm | Quadril 96 cm | Comprimento 97 cm<br \/>\n38 &#8211; Cintura 72 cm | Quadril 100 cm | Comprimento 99 cm<br \/>\n40 &#8211; Cintura 76 cm | Quadril 104 cm | Comprimento 101 cm<br \/>\n42 &#8211; Cintura 80 cm | Quadril 108 cm | Comprimento 103 cm<\/p>\n","protected":false},"featured_media":67066,"template":"","meta":[],"class_list":["post-67157","product","type-product","status-publish","has-post-thumbnail","product_cat-calcas","first","instock","shipping-taxable","purchasable","product-type-variable"],"jetpack_sharing_enabled":true,"_links":{"self":[{"href":"https:\/\/modamentha.com.br\/index.php?rest_route=\/wp\/v2\/product\/67157","targetHints":{"allow":["GET"]}}],"collection":[{"href":"https:\/\/modamentha.com.br\/index.php?rest_route=\/wp\/v2\/product"}],"about":[{"href":"https:\/\/modamentha.com.br\/index.php?rest_route=\/wp\/v2\/types\/product"}],"wp:attachment":[{"href":"https:\/\/modamentha.com.br\/index.php?rest_route=%2Fwp%2Fv2%2Fmedia&parent=67157"}],"curies":[{"name":"wp","href":"https:\/\/api.w.org\/{rel}","templated":true}]}}

Calça Reta Vinco Alfaiataria

<p>Calça confeccionada em alfaiataria, com shape reto. Possui bolso faca, cós com passantes fixos, bolso embutido posterior e pence. Destaque para detalhe de nervura frontal. Fechamento na vista com zíper, fecho social e botão de segurança interno. Uma peça perfeita para compor com looks sofisticado e elegantes.</p>
<p>Tecido:<br />
Alfaiataria</p>
<p>Composição:<br />
90% Poliester<br />
10% Elastano</p>
<p>Tabela de Medidas:<br />
36 &#8211; Cintura 68 cm | Quadril 96 cm | Comprimento 97 cm<br />
38 &#8211; Cintura 72 cm | Quadril 100 cm | Comprimento 99 cm<br />
40 &#8211; Cintura 76 cm | Quadril 104 cm | Comprimento 101 cm<br />
42 &#8211; Cintura 80 cm | Quadril 108 cm | Comprimento 103 cm</p>
