{"id":67157,"date":"2024-09-25T11:17:36","date_gmt":"2024-09-25T14:17:36","guid":{"rendered":"https:\/\/modamentha.com.br\/?post_type=product&#038;p=67157"},"modified":"2025-07-31T16:14:38","modified_gmt":"2025-07-31T19:14:38","slug":"calca-reta-vinco-alfaiataria-2","status":"publish","type":"product","link":"https:\/\/modamentha.com.br\/?product=calca-reta-vinco-alfaiataria-2","title":{"rendered":"Cal\u00e7a Reta Vinco Alfaiataria"},"content":{"rendered":"","protected":false},"excerpt":{"rendered":"<p>Cal\u00e7a confeccionada em alfaiataria, com shape reto. Possui bolso faca, c\u00f3s com passantes fixos, bolso embutido posterior e pence. Destaque para detalhe de nervura frontal. Fechamento na vista com z\u00edper, fecho social e bot\u00e3o de seguran\u00e7a interno. Uma pe\u00e7a perfeita para compor com looks sofisticado e elegantes.<\/p>\n<p>Tecido:<br \/>\nAlfaiataria<\/p>\n<p>Composi\u00e7\u00e3o:<br \/>\n90% Poliester<br \/>\n10% Elastano<\/p>\n<p>Tabela de Medidas:<br \/>\n36 &#8211; Cintura 68 cm | Quadril 96 cm | Comprimento 97 cm<br \/>\n38 &#8211; Cintura 72 cm | Quadril 100 cm | Comprimento 99 cm<br \/>\n40 &#8211; Cintura 76 cm | Quadril 104 cm | Comprimento 101 cm<br \/>\n42 &#8211; Cintura 80 cm | Quadril 108 cm | Comprimento 103 cm<\/p>\n","protected":false},"featured_media":67066,"template":"","meta":{"spay_email":""},"supplier_id":null,"supplier_sku":"","atum_controlled":true,"out_stock_date":null,"out_stock_threshold":null,"inheritable":true,"inbound_stock":0,"stock_on_hold":0,"sold_today":null,"sales_last_days":null,"reserved_stock":0,"customer_returns":0,"warehouse_damage":0,"lost_in_post":0,"other_logs":0,"out_stock_days":null,"lost_sales":null,"has_location":false,"update_date":"2024-09-25T17:39:46","atum_locations":[],"atum_stock_status":"instock","low_stock":false,"_links":{"self":[{"href":"https:\/\/modamentha.com.br\/index.php?rest_route=\/wp\/v2\/product\/67157"}],"collection":[{"href":"https:\/\/modamentha.com.br\/index.php?rest_route=\/wp\/v2\/product"}],"about":[{"href":"https:\/\/modamentha.com.br\/index.php?rest_route=\/wp\/v2\/types\/product"}],"wp:featuredmedia":[{"embeddable":true,"href":"https:\/\/modamentha.com.br\/index.php?rest_route=\/wp\/v2\/media\/67066"}],"wp:attachment":[{"href":"https:\/\/modamentha.com.br\/index.php?rest_route=%2Fwp%2Fv2%2Fmedia&parent=67157"}],"curies":[{"name":"wp","href":"https:\/\/api.w.org\/{rel}","templated":true}]}}