{"id":67971,"date":"2024-10-10T17:48:23","date_gmt":"2024-10-10T20:48:23","guid":{"rendered":"https:\/\/modamentha.com.br\/?post_type=product&#038;p=67971"},"modified":"2026-01-06T18:40:17","modified_gmt":"2026-01-06T21:40:17","slug":"calca-alfaiataria-texturizada","status":"publish","type":"product","link":"https:\/\/modamentha.com.br\/?product=calca-alfaiataria-texturizada","title":{"rendered":"Cal\u00e7a Alfaiataria Texturizada"},"content":{"rendered":"","protected":false},"excerpt":{"rendered":"<p>Top em alfaiataria de viscose texturizada. Possui la\u00e7o fixo, al\u00e7a com regulador, z\u00edper de nylon lateral, el\u00e1sticonas costas e forro meia malha.<br \/>\nCal\u00e7a reta alfaiataria de viscose texturizada. Possui c\u00f3s com fechamento em bot\u00e3o duplo forrado, z\u00edper de nylon e bolso vivo.<\/p>\n<p>Composi\u00e7\u00e3o:<br \/>\n93% Viscose<br \/>\n07% Poli\u00e9ster<br \/>\nForro:<br \/>\n100% Poli\u00e9ster<\/p>\n<p>MEDIDAS TOP:<br \/>\nBusto: P:90cm |M:94cm |G:98cm<br \/>\nComprimento Total: P:43cm |M:43cm |G:43cm <\/p>\n<p>MEDIDAS CAL\u00c7A:<br \/>\nCintura: P:72cm |M:76cm |G:80cm<br \/>\nQuadril: P:100cm |M:104cm |G:108cm<br \/>\nComprimento Total: P:114cm |M:115cm |G:116cm <\/p>\n","protected":false},"featured_media":65686,"template":"","meta":{"spay_email":""},"supplier_id":null,"supplier_sku":"","atum_controlled":true,"out_stock_date":null,"out_stock_threshold":null,"inheritable":true,"inbound_stock":0,"stock_on_hold":0,"sold_today":null,"sales_last_days":null,"reserved_stock":0,"customer_returns":0,"warehouse_damage":0,"lost_in_post":0,"other_logs":0,"out_stock_days":null,"lost_sales":null,"has_location":false,"update_date":"2024-10-11T00:00:43","atum_locations":[],"atum_stock_status":"instock","low_stock":false,"_links":{"self":[{"href":"https:\/\/modamentha.com.br\/index.php?rest_route=\/wp\/v2\/product\/67971"}],"collection":[{"href":"https:\/\/modamentha.com.br\/index.php?rest_route=\/wp\/v2\/product"}],"about":[{"href":"https:\/\/modamentha.com.br\/index.php?rest_route=\/wp\/v2\/types\/product"}],"wp:featuredmedia":[{"embeddable":true,"href":"https:\/\/modamentha.com.br\/index.php?rest_route=\/wp\/v2\/media\/65686"}],"wp:attachment":[{"href":"https:\/\/modamentha.com.br\/index.php?rest_route=%2Fwp%2Fv2%2Fmedia&parent=67971"}],"curies":[{"name":"wp","href":"https:\/\/api.w.org\/{rel}","templated":true}]}}