{"id":68321,"date":"2024-10-14T10:56:54","date_gmt":"2024-10-14T13:56:54","guid":{"rendered":"https:\/\/modamentha.com.br\/?post_type=product&#038;p=68321"},"modified":"2025-11-29T13:20:46","modified_gmt":"2025-11-29T16:20:46","slug":"68321","status":"publish","type":"product","link":"https:\/\/modamentha.com.br\/?product=68321","title":{"rendered":"Vestido Laise Barrado Um Ombro"},"content":{"rendered":"","protected":false},"excerpt":{"rendered":"<p>Vestido um ombro em laise de algod\u00e3o. Possui la\u00e7o fixo no ombro, fechamento em z\u00edper de nylon lateral, barra com barrado do pr\u00f3prio tecido, el\u00e1stico nas costas e forro meia malha.<\/p>\n<p>Composi\u00e7\u00e3o:<br \/>\n100% ALGOD\u00c3O | FORRO 100% POLI\u00c9STER<\/p>\n","protected":false},"featured_media":68327,"template":"","meta":{"spay_email":""},"supplier_id":null,"supplier_sku":"","atum_controlled":true,"out_stock_date":null,"out_stock_threshold":null,"inheritable":true,"inbound_stock":0,"stock_on_hold":0,"sold_today":0,"sales_last_days":1,"reserved_stock":0,"customer_returns":0,"warehouse_damage":0,"lost_in_post":0,"other_logs":0,"out_stock_days":null,"lost_sales":0,"has_location":false,"update_date":"2024-10-21T16:11:32","atum_locations":[],"atum_stock_status":"instock","low_stock":false,"_links":{"self":[{"href":"https:\/\/modamentha.com.br\/index.php?rest_route=\/wp\/v2\/product\/68321"}],"collection":[{"href":"https:\/\/modamentha.com.br\/index.php?rest_route=\/wp\/v2\/product"}],"about":[{"href":"https:\/\/modamentha.com.br\/index.php?rest_route=\/wp\/v2\/types\/product"}],"wp:featuredmedia":[{"embeddable":true,"href":"https:\/\/modamentha.com.br\/index.php?rest_route=\/wp\/v2\/media\/68327"}],"wp:attachment":[{"href":"https:\/\/modamentha.com.br\/index.php?rest_route=%2Fwp%2Fv2%2Fmedia&parent=68321"}],"curies":[{"name":"wp","href":"https:\/\/api.w.org\/{rel}","templated":true}]}}