{"id":72666,"date":"2025-02-24T09:21:40","date_gmt":"2025-02-24T12:21:40","guid":{"rendered":"https:\/\/modamentha.com.br\/?post_type=product&#038;p=72666"},"modified":"2025-12-04T17:55:36","modified_gmt":"2025-12-04T20:55:36","slug":"calca-recorte-cos","status":"publish","type":"product","link":"https:\/\/modamentha.com.br\/?product=calca-recorte-cos","title":{"rendered":"Cal\u00e7a Recorte C\u00f3s"},"content":{"rendered":"","protected":false},"excerpt":{"rendered":"<p>Cal\u00e7a em alfaiataria mista com elastano. Possui recorte no c\u00f3s, pregas, bolso faca, colchete interno, z\u00edper de nylon e barra italiana.<\/p>\n<p>Composi\u00e7\u00e3o:<br \/>\n62% POLI\u00c9STER<br \/>\n33% VISCOSE<br \/>\n05% ELASTANO<br \/>\nFORRO<br \/>\n100% POLI\u00c9STER <\/p>\n","protected":false},"featured_media":72658,"template":"","meta":[],"class_list":["post-72666","product","type-product","status-publish","has-post-thumbnail","product_cat-calcas","first","instock","shipping-taxable","purchasable","product-type-variable"],"jetpack_sharing_enabled":true,"_links":{"self":[{"href":"https:\/\/modamentha.com.br\/index.php?rest_route=\/wp\/v2\/product\/72666","targetHints":{"allow":["GET"]}}],"collection":[{"href":"https:\/\/modamentha.com.br\/index.php?rest_route=\/wp\/v2\/product"}],"about":[{"href":"https:\/\/modamentha.com.br\/index.php?rest_route=\/wp\/v2\/types\/product"}],"wp:attachment":[{"href":"https:\/\/modamentha.com.br\/index.php?rest_route=%2Fwp%2Fv2%2Fmedia&parent=72666"}],"curies":[{"name":"wp","href":"https:\/\/api.w.org\/{rel}","templated":true}]}}

Calça Recorte Cós

<p>Calça em alfaiataria mista com elastano. Possui recorte no cós, pregas, bolso faca, colchete interno, zíper de nylon e barra italiana.</p>
<p>Composição:<br />
62% POLIÉSTER<br />
33% VISCOSE<br />
05% ELASTANO<br />
FORRO<br />
100% POLIÉSTER </p>
