{"id":73131,"date":"2025-03-07T08:22:37","date_gmt":"2025-03-07T11:22:37","guid":{"rendered":"https:\/\/modamentha.com.br\/?post_type=product&#038;p=73131"},"modified":"2025-07-22T14:38:54","modified_gmt":"2025-07-22T17:38:54","slug":"calca-reta-pregas-risca","status":"publish","type":"product","link":"https:\/\/modamentha.com.br\/?product=calca-reta-pregas-risca","title":{"rendered":"Cal\u00e7a Reta Pregas Risca"},"content":{"rendered":"","protected":false},"excerpt":{"rendered":"<p>Cal\u00e7a reta em alfaiataria com elastano. Possui c\u00f3s com passantes, bot\u00e3o interno com colchete, z\u00edper de nylon e pregas.<\/p>\n<p>COMPOSI\u00c7\u00c3O:<br \/>\n95% POLI\u00c9STER<br \/>\n05% ELASTANO<br \/>\nFORRO<br \/>\n100% POLI\u00c9STER<\/p>\n<p>MEDIDAS:<br \/>\nCintura: P:72cm |M:76cm |G:80cm<br \/>\nQuadril: P:104cm |M:108cm |G:112cm<br \/>\nComprimento Total: P:114cm |M:115cm |G:116cm <\/p>\n","protected":false},"featured_media":73153,"template":"","meta":{"spay_email":""},"supplier_id":null,"supplier_sku":"","atum_controlled":true,"out_stock_date":null,"out_stock_threshold":null,"inheritable":true,"inbound_stock":0,"stock_on_hold":0,"sold_today":null,"sales_last_days":null,"reserved_stock":0,"customer_returns":0,"warehouse_damage":0,"lost_in_post":0,"other_logs":0,"out_stock_days":null,"lost_sales":null,"has_location":false,"update_date":"2025-03-07T15:13:16","atum_locations":[],"atum_stock_status":"instock","low_stock":false,"_links":{"self":[{"href":"https:\/\/modamentha.com.br\/index.php?rest_route=\/wp\/v2\/product\/73131"}],"collection":[{"href":"https:\/\/modamentha.com.br\/index.php?rest_route=\/wp\/v2\/product"}],"about":[{"href":"https:\/\/modamentha.com.br\/index.php?rest_route=\/wp\/v2\/types\/product"}],"wp:featuredmedia":[{"embeddable":true,"href":"https:\/\/modamentha.com.br\/index.php?rest_route=\/wp\/v2\/media\/73153"}],"wp:attachment":[{"href":"https:\/\/modamentha.com.br\/index.php?rest_route=%2Fwp%2Fv2%2Fmedia&parent=73131"}],"curies":[{"name":"wp","href":"https:\/\/api.w.org\/{rel}","templated":true}]}}