{"id":73665,"date":"2025-03-15T11:21:45","date_gmt":"2025-03-15T14:21:45","guid":{"rendered":"https:\/\/modamentha.com.br\/?post_type=product&#038;p=73665"},"modified":"2025-10-18T14:26:11","modified_gmt":"2025-10-18T17:26:11","slug":"regata-drapeado-degage","status":"publish","type":"product","link":"https:\/\/modamentha.com.br\/?product=regata-drapeado-degage","title":{"rendered":"Regata Drapeado Degag\u00ea"},"content":{"rendered":"","protected":false},"excerpt":{"rendered":"<p>Regata em crepe liso. Possui drapeado degag\u00ea na gola com fechamento em bot\u00e3o nas costas.<\/p>\n<p>COMPOSI\u00c7\u00c3O:<br \/>\n100% POLI\u00c9STER <\/p>\n<p>MEDIDAS:<br \/>\nBusto: P:90cm |M:94cm |G:98cm<br \/>\nComprimento Total: P:61cm |M:62cm |G:63cm <\/p>\n","protected":false},"featured_media":73490,"template":"","meta":{"spay_email":""},"supplier_id":null,"supplier_sku":"","atum_controlled":true,"out_stock_date":null,"out_stock_threshold":null,"inheritable":true,"inbound_stock":0,"stock_on_hold":0,"sold_today":1,"sales_last_days":1,"reserved_stock":0,"customer_returns":0,"warehouse_damage":0,"lost_in_post":0,"other_logs":0,"out_stock_days":null,"lost_sales":0,"has_location":false,"update_date":"2025-03-20T15:54:56","atum_locations":[],"atum_stock_status":"instock","low_stock":false,"_links":{"self":[{"href":"https:\/\/modamentha.com.br\/index.php?rest_route=\/wp\/v2\/product\/73665"}],"collection":[{"href":"https:\/\/modamentha.com.br\/index.php?rest_route=\/wp\/v2\/product"}],"about":[{"href":"https:\/\/modamentha.com.br\/index.php?rest_route=\/wp\/v2\/types\/product"}],"wp:featuredmedia":[{"embeddable":true,"href":"https:\/\/modamentha.com.br\/index.php?rest_route=\/wp\/v2\/media\/73490"}],"wp:attachment":[{"href":"https:\/\/modamentha.com.br\/index.php?rest_route=%2Fwp%2Fv2%2Fmedia&parent=73665"}],"curies":[{"name":"wp","href":"https:\/\/api.w.org\/{rel}","templated":true}]}}