{"id":74646,"date":"2025-04-01T10:43:10","date_gmt":"2025-04-01T13:43:10","guid":{"rendered":"https:\/\/modamentha.com.br\/?post_type=product&#038;p=74646"},"modified":"2026-03-04T17:24:38","modified_gmt":"2026-03-04T20:24:38","slug":"calca-pantalona-fenda-alfaiataria","status":"publish","type":"product","link":"https:\/\/modamentha.com.br\/?product=calca-pantalona-fenda-alfaiataria","title":{"rendered":"Cal\u00e7a Pantalona Fenda Alfaiataria"},"content":{"rendered":"","protected":false},"excerpt":{"rendered":"<p>Cal\u00e7a pantalona confeccionada em tecido plano com modelagem de alfaiataria, proporcionando um caimento estruturado e elegante. Apresenta shape reto, que alonga a silhueta, e c\u00f3s transpassado com passantes fixos, garantindo um ajuste sofisticado. Possui bolsos invis\u00edveis nas laterais para um acabamento discreto e recorte na pala posterior, valorizando o caimento da pe\u00e7a. O fechamento frontal conta com z\u00edper, bot\u00e3o de seguran\u00e7a e bot\u00e3o forrado, assegurando um acabamento impec\u00e1vel. O grande destaque fica por conta da delicada abertura lateral, que adiciona um toque moderno e sofisticado ao design. Vers\u00e1til e atemporal, essa cal\u00e7a \u00e9 perfeita para compor looks refinados e elegantes para diversas ocasi\u00f5es.<\/p>\n<p>Tecido:<br \/>\nAlfaiataria<\/p>\n<p>Composi\u00e7\u00e3o:<br \/>\n76% Poli\u00e9ster<br \/>\n20% Viscose<br \/>\n4% Elastano<\/p>\n<p>Tabela de Medidas:<br \/>\n38 &#8211; Cintura 70 cm | Quadril 100.00 cm | Comprimento 113 cm<br \/>\n40 &#8211; Cintura 74 cm | Quadril 104.00 cm | Comprimento 115 cm<br \/>\n42 &#8211; Cintura 78 cm | Quadril 108.00 cm | Comprimento 117 cm<\/p>\n","protected":false},"featured_media":74529,"template":"","meta":{"spay_email":""},"supplier_id":null,"supplier_sku":"","atum_controlled":true,"out_stock_date":null,"out_stock_threshold":null,"inheritable":true,"inbound_stock":0,"stock_on_hold":0,"sold_today":null,"sales_last_days":null,"reserved_stock":0,"customer_returns":0,"warehouse_damage":0,"lost_in_post":0,"other_logs":0,"out_stock_days":null,"lost_sales":null,"has_location":false,"update_date":"2025-04-01T17:27:28","atum_locations":[],"atum_stock_status":"instock","low_stock":false,"_links":{"self":[{"href":"https:\/\/modamentha.com.br\/index.php?rest_route=\/wp\/v2\/product\/74646"}],"collection":[{"href":"https:\/\/modamentha.com.br\/index.php?rest_route=\/wp\/v2\/product"}],"about":[{"href":"https:\/\/modamentha.com.br\/index.php?rest_route=\/wp\/v2\/types\/product"}],"wp:featuredmedia":[{"embeddable":true,"href":"https:\/\/modamentha.com.br\/index.php?rest_route=\/wp\/v2\/media\/74529"}],"wp:attachment":[{"href":"https:\/\/modamentha.com.br\/index.php?rest_route=%2Fwp%2Fv2%2Fmedia&parent=74646"}],"curies":[{"name":"wp","href":"https:\/\/api.w.org\/{rel}","templated":true}]}}