{"id":75641,"date":"2025-04-14T21:30:25","date_gmt":"2025-04-15T00:30:25","guid":{"rendered":"https:\/\/modamentha.com.br\/?post_type=product&#038;p=75641"},"modified":"2025-06-27T21:14:12","modified_gmt":"2025-06-28T00:14:12","slug":"blusa-basica-gola-alta","status":"publish","type":"product","link":"https:\/\/modamentha.com.br\/?product=blusa-basica-gola-alta","title":{"rendered":"Blusa B\u00e1sica Gola Alta"},"content":{"rendered":"","protected":false},"excerpt":{"rendered":"<p>Composi\u00e7\u00e3o:<br \/>\n95% poliamida<br \/>\n05% elastano<\/p>\n","protected":false},"featured_media":75576,"template":"","meta":{"spay_email":""},"supplier_id":null,"supplier_sku":"","atum_controlled":true,"out_stock_date":null,"out_stock_threshold":null,"inheritable":true,"inbound_stock":0,"stock_on_hold":0,"sold_today":1,"sales_last_days":3,"reserved_stock":0,"customer_returns":0,"warehouse_damage":0,"lost_in_post":0,"other_logs":0,"out_stock_days":null,"lost_sales":0,"has_location":false,"update_date":"2025-06-28T15:01:56","atum_locations":[],"atum_stock_status":"instock","low_stock":false,"_links":{"self":[{"href":"https:\/\/modamentha.com.br\/index.php?rest_route=\/wp\/v2\/product\/75641"}],"collection":[{"href":"https:\/\/modamentha.com.br\/index.php?rest_route=\/wp\/v2\/product"}],"about":[{"href":"https:\/\/modamentha.com.br\/index.php?rest_route=\/wp\/v2\/types\/product"}],"wp:featuredmedia":[{"embeddable":true,"href":"https:\/\/modamentha.com.br\/index.php?rest_route=\/wp\/v2\/media\/75576"}],"wp:attachment":[{"href":"https:\/\/modamentha.com.br\/index.php?rest_route=%2Fwp%2Fv2%2Fmedia&parent=75641"}],"curies":[{"name":"wp","href":"https:\/\/api.w.org\/{rel}","templated":true}]}}