{"id":83115,"date":"2025-10-04T12:02:34","date_gmt":"2025-10-04T15:02:34","guid":{"rendered":"https:\/\/modamentha.com.br\/?post_type=product&#038;p=83115"},"modified":"2025-10-07T15:14:32","modified_gmt":"2025-10-07T18:14:32","slug":"vestido-alcas-largas-botoes","status":"publish","type":"product","link":"https:\/\/modamentha.com.br\/?product=vestido-alcas-largas-botoes","title":{"rendered":"Vestido Al\u00e7as Largas Bot\u00f5es"},"content":{"rendered":"","protected":false},"excerpt":{"rendered":"<p>VESTIDO CURTO COM AL\u00c7AS LARGAS  E BOTOES FORRADOS. ( MODELO VESTE P)<\/p>\n","protected":false},"featured_media":83103,"template":"","meta":{"spay_email":""},"supplier_id":null,"supplier_sku":"","atum_controlled":true,"out_stock_date":null,"out_stock_threshold":null,"inheritable":true,"inbound_stock":0,"stock_on_hold":0,"sold_today":null,"sales_last_days":null,"reserved_stock":0,"customer_returns":0,"warehouse_damage":0,"lost_in_post":0,"other_logs":0,"out_stock_days":null,"lost_sales":null,"has_location":false,"update_date":"2025-10-04T18:03:46","atum_locations":[],"atum_stock_status":"instock","low_stock":false,"_links":{"self":[{"href":"https:\/\/modamentha.com.br\/index.php?rest_route=\/wp\/v2\/product\/83115"}],"collection":[{"href":"https:\/\/modamentha.com.br\/index.php?rest_route=\/wp\/v2\/product"}],"about":[{"href":"https:\/\/modamentha.com.br\/index.php?rest_route=\/wp\/v2\/types\/product"}],"wp:featuredmedia":[{"embeddable":true,"href":"https:\/\/modamentha.com.br\/index.php?rest_route=\/wp\/v2\/media\/83103"}],"wp:attachment":[{"href":"https:\/\/modamentha.com.br\/index.php?rest_route=%2Fwp%2Fv2%2Fmedia&parent=83115"}],"curies":[{"name":"wp","href":"https:\/\/api.w.org\/{rel}","templated":true}]}}