{"id":84405,"date":"2025-10-31T15:49:18","date_gmt":"2025-10-31T18:49:18","guid":{"rendered":"https:\/\/modamentha.com.br\/?post_type=product&#038;p=84405"},"modified":"2026-01-05T14:41:21","modified_gmt":"2026-01-05T17:41:21","slug":"regta-alca-alfaiataria-twill","status":"publish","type":"product","link":"https:\/\/modamentha.com.br\/?product=regta-alca-alfaiataria-twill","title":{"rendered":"Regata Al\u00e7a Alfaiataria Twill"},"content":{"rendered":"","protected":false},"excerpt":{"rendered":"<p>Al\u00e7a em alfaiataria leve twill. Possui drapeado no busto, al\u00e7as regul\u00e1veis e lastex nas costas.<\/p>\n<p>Composi\u00e7\u00e3o:<br \/>\n100% POLI\u00c9STER<\/p>\n<p>MEDIDAS:<br \/>\nBusto: P:90cm |M:94cm |G:98cm<br \/>\nComprimento Total: P:52cm |M:53cm |G:54cm <\/p>\n","protected":false},"featured_media":84373,"template":"","meta":{"spay_email":""},"supplier_id":null,"supplier_sku":"","atum_controlled":true,"out_stock_date":null,"out_stock_threshold":null,"inheritable":true,"inbound_stock":0,"stock_on_hold":0,"sold_today":null,"sales_last_days":null,"reserved_stock":0,"customer_returns":0,"warehouse_damage":0,"lost_in_post":0,"other_logs":0,"out_stock_days":null,"lost_sales":null,"has_location":false,"update_date":"2025-10-31T22:35:09","atum_locations":[],"atum_stock_status":"instock","low_stock":false,"_links":{"self":[{"href":"https:\/\/modamentha.com.br\/index.php?rest_route=\/wp\/v2\/product\/84405"}],"collection":[{"href":"https:\/\/modamentha.com.br\/index.php?rest_route=\/wp\/v2\/product"}],"about":[{"href":"https:\/\/modamentha.com.br\/index.php?rest_route=\/wp\/v2\/types\/product"}],"wp:featuredmedia":[{"embeddable":true,"href":"https:\/\/modamentha.com.br\/index.php?rest_route=\/wp\/v2\/media\/84373"}],"wp:attachment":[{"href":"https:\/\/modamentha.com.br\/index.php?rest_route=%2Fwp%2Fv2%2Fmedia&parent=84405"}],"curies":[{"name":"wp","href":"https:\/\/api.w.org\/{rel}","templated":true}]}}