{"id":84410,"date":"2025-10-31T16:08:43","date_gmt":"2025-10-31T19:08:43","guid":{"rendered":"https:\/\/modamentha.com.br\/?post_type=product&#038;p=84410"},"modified":"2026-04-07T16:57:34","modified_gmt":"2026-04-07T19:57:34","slug":"calca-wide-alfaiataria-twill","status":"publish","type":"product","link":"https:\/\/modamentha.com.br\/?product=calca-wide-alfaiataria-twill","title":{"rendered":"Cal\u00e7a Wide Alfaiataria Twill"},"content":{"rendered":"","protected":false},"excerpt":{"rendered":"<p>Cal\u00e7a wide em alfaiataria leve twill. Possui pregas, z\u00edper de nylon lateral, el\u00e1stico no c\u00f3s costas e forro.<\/p>\n<p>Composi\u00e7\u00e3o:<br \/>\n100% POLI\u00c9STER | FORRO 100% POLI\u00c9STER<\/p>\n<p>MEDIDAS:<br \/>\nCintura: P:72cm |M:76cm |G:80cm<br \/>\nQuadril: P:100cm |M:104cm |G:108cm<br \/>\nComprimento Total: P:113,5cm |M:114,5cm |G:115,5cm <\/p>\n","protected":false},"featured_media":84371,"template":"","meta":{"spay_email":""},"supplier_id":null,"supplier_sku":"","atum_controlled":true,"out_stock_date":null,"out_stock_threshold":null,"inheritable":true,"inbound_stock":0,"stock_on_hold":0,"sold_today":null,"sales_last_days":null,"reserved_stock":0,"customer_returns":0,"warehouse_damage":0,"lost_in_post":0,"other_logs":0,"out_stock_days":null,"lost_sales":null,"has_location":false,"update_date":"2025-10-31T22:35:08","atum_locations":[],"atum_stock_status":"instock","low_stock":false,"_links":{"self":[{"href":"https:\/\/modamentha.com.br\/index.php?rest_route=\/wp\/v2\/product\/84410"}],"collection":[{"href":"https:\/\/modamentha.com.br\/index.php?rest_route=\/wp\/v2\/product"}],"about":[{"href":"https:\/\/modamentha.com.br\/index.php?rest_route=\/wp\/v2\/types\/product"}],"wp:featuredmedia":[{"embeddable":true,"href":"https:\/\/modamentha.com.br\/index.php?rest_route=\/wp\/v2\/media\/84371"}],"wp:attachment":[{"href":"https:\/\/modamentha.com.br\/index.php?rest_route=%2Fwp%2Fv2%2Fmedia&parent=84410"}],"curies":[{"name":"wp","href":"https:\/\/api.w.org\/{rel}","templated":true}]}}