{"id":8448,"date":"2021-02-25T16:48:23","date_gmt":"2021-02-25T19:48:23","guid":{"rendered":"https:\/\/modamentha.com.br\/?post_type=product&#038;p=8448"},"modified":"2023-11-25T17:28:17","modified_gmt":"2023-11-25T20:28:17","slug":"blusa-manga-longa-c-amarracao","status":"publish","type":"product","link":"https:\/\/modamentha.com.br\/?product=blusa-manga-longa-c-amarracao","title":{"rendered":"BLUSA MANGA LONGA C\/ AMARRA\u00c7\u00c3O"},"content":{"rendered":"<p>Composi\u00e7\u00e3o:<\/p>\n<p>97% Viscose<\/p>\n<p>03% Elastano<\/p>\n","protected":false},"excerpt":{"rendered":"<p>MEDIDAS<\/p>\n<p>Busto: P:98cm | M:100cm | G:106cm | GG:110cm<\/p>\n<p>Cintura: P:98cm | M:100cm | G:106cm | GG:110cm<\/p>\n<p>Comprimento Frente: P:52cm | M:53cm | G:54cm | GG:58cm<\/p>\n","protected":false},"featured_media":8730,"template":"","meta":{"spay_email":""},"supplier_id":null,"supplier_sku":"","atum_controlled":true,"out_stock_date":null,"out_stock_threshold":null,"inheritable":true,"inbound_stock":0,"stock_on_hold":0,"sold_today":0,"sales_last_days":0,"reserved_stock":0,"customer_returns":0,"warehouse_damage":0,"lost_in_post":0,"other_logs":0,"out_stock_days":0,"lost_sales":0,"has_location":false,"update_date":"2022-01-23T03:12:39","atum_locations":[],"atum_stock_status":"instock","low_stock":false,"_links":{"self":[{"href":"https:\/\/modamentha.com.br\/index.php?rest_route=\/wp\/v2\/product\/8448"}],"collection":[{"href":"https:\/\/modamentha.com.br\/index.php?rest_route=\/wp\/v2\/product"}],"about":[{"href":"https:\/\/modamentha.com.br\/index.php?rest_route=\/wp\/v2\/types\/product"}],"wp:featuredmedia":[{"embeddable":true,"href":"https:\/\/modamentha.com.br\/index.php?rest_route=\/wp\/v2\/media\/8730"}],"wp:attachment":[{"href":"https:\/\/modamentha.com.br\/index.php?rest_route=%2Fwp%2Fv2%2Fmedia&parent=8448"}],"curies":[{"name":"wp","href":"https:\/\/api.w.org\/{rel}","templated":true}]}}