{"id":84700,"date":"2025-11-04T08:02:04","date_gmt":"2025-11-04T11:02:04","guid":{"rendered":"https:\/\/modamentha.com.br\/?post_type=product&#038;p=84700"},"modified":"2026-02-24T11:08:08","modified_gmt":"2026-02-24T14:08:08","slug":"regata-crepe-basic-pregas-4","status":"publish","type":"product","link":"https:\/\/modamentha.com.br\/?product=regata-crepe-basic-pregas-4","title":{"rendered":"Regata Crepe Basic Pregas"},"content":{"rendered":"","protected":false},"excerpt":{"rendered":"<p>Blusa confeccionada em crepe com caimento fluido. Possui modelagem de regata, gola alta com detalhe de pregas, que proporciona mais eleg\u00e2ncia. As pregas se prolongam no busto, valorizando o colo da mulher. Fechamento nas costas com decote gota e bot\u00e3o interno b\u00e1sico. \u00c9 uma pe\u00e7a b\u00e1sica indispens\u00e1vel no guarda-roupa da mulher chique.<\/p>\n<p>Tecido:<br \/>\nCrepe<\/p>\n<p>Composi\u00e7\u00e3o:<br \/>\n100% Poliester<\/p>\n<p>Tabela de Medidas:<br \/>\nP \u2013 Busto 48 cm | Cintura 50 cm | Comprimento 61,5 cm<br \/>\nM \u2013 Busto 50  cm | Cintura 52 cm | Comprimento 63,5 cm<br \/>\nG \u2013 Busto 52 cm | Cintura 54 cm | Comprimento 65,5 cm<\/p>\n","protected":false},"featured_media":84521,"template":"","meta":{"spay_email":""},"supplier_id":null,"supplier_sku":"","atum_controlled":true,"out_stock_date":null,"out_stock_threshold":null,"inheritable":true,"inbound_stock":0,"stock_on_hold":0,"sold_today":0,"sales_last_days":2,"reserved_stock":0,"customer_returns":0,"warehouse_damage":0,"lost_in_post":0,"other_logs":0,"out_stock_days":null,"lost_sales":0,"has_location":false,"update_date":"2025-12-15T15:38:22","atum_locations":[],"atum_stock_status":"instock","low_stock":false,"_links":{"self":[{"href":"https:\/\/modamentha.com.br\/index.php?rest_route=\/wp\/v2\/product\/84700"}],"collection":[{"href":"https:\/\/modamentha.com.br\/index.php?rest_route=\/wp\/v2\/product"}],"about":[{"href":"https:\/\/modamentha.com.br\/index.php?rest_route=\/wp\/v2\/types\/product"}],"wp:featuredmedia":[{"embeddable":true,"href":"https:\/\/modamentha.com.br\/index.php?rest_route=\/wp\/v2\/media\/84521"}],"wp:attachment":[{"href":"https:\/\/modamentha.com.br\/index.php?rest_route=%2Fwp%2Fv2%2Fmedia&parent=84700"}],"curies":[{"name":"wp","href":"https:\/\/api.w.org\/{rel}","templated":true}]}}