{"id":86148,"date":"2025-12-15T11:11:50","date_gmt":"2025-12-15T14:11:50","guid":{"rendered":"https:\/\/modamentha.com.br\/?post_type=product&#038;p=86148"},"modified":"2026-01-16T18:44:14","modified_gmt":"2026-01-16T21:44:14","slug":"blusa-basica-2","status":"publish","type":"product","link":"https:\/\/modamentha.com.br\/?product=blusa-basica-2","title":{"rendered":"Blusa B\u00e1sica Lisa"},"content":{"rendered":"","protected":false},"excerpt":{"rendered":"<p>T-shirt b\u00e1sica no tric\u00f4 enchant\u00e9, com modelagem colada.<\/p>\n<p>Composi\u00e7\u00e3o:<br \/>\n99% viscose, 1% elastano<\/p>\n","protected":false},"featured_media":86102,"template":"","meta":{"spay_email":""},"supplier_id":null,"supplier_sku":"","atum_controlled":true,"out_stock_date":null,"out_stock_threshold":null,"inheritable":true,"inbound_stock":0,"stock_on_hold":0,"sold_today":null,"sales_last_days":null,"reserved_stock":0,"customer_returns":0,"warehouse_damage":0,"lost_in_post":0,"other_logs":0,"out_stock_days":null,"lost_sales":null,"has_location":false,"update_date":"2025-12-15T17:12:23","atum_locations":[],"atum_stock_status":"instock","low_stock":false,"_links":{"self":[{"href":"https:\/\/modamentha.com.br\/index.php?rest_route=\/wp\/v2\/product\/86148"}],"collection":[{"href":"https:\/\/modamentha.com.br\/index.php?rest_route=\/wp\/v2\/product"}],"about":[{"href":"https:\/\/modamentha.com.br\/index.php?rest_route=\/wp\/v2\/types\/product"}],"wp:featuredmedia":[{"embeddable":true,"href":"https:\/\/modamentha.com.br\/index.php?rest_route=\/wp\/v2\/media\/86102"}],"wp:attachment":[{"href":"https:\/\/modamentha.com.br\/index.php?rest_route=%2Fwp%2Fv2%2Fmedia&parent=86148"}],"curies":[{"name":"wp","href":"https:\/\/api.w.org\/{rel}","templated":true}]}}