{"id":86888,"date":"2026-01-26T20:21:03","date_gmt":"2026-01-26T23:21:03","guid":{"rendered":"https:\/\/modamentha.com.br\/?post_type=product&#038;p=86888"},"modified":"2026-02-27T13:59:42","modified_gmt":"2026-02-27T16:59:42","slug":"regata-alca-renda","status":"publish","type":"product","link":"https:\/\/modamentha.com.br\/?product=regata-alca-renda","title":{"rendered":"Regata Al\u00e7a Renda"},"content":{"rendered":"","protected":false},"excerpt":{"rendered":"<p>Al\u00e7a em yoryu. Possui al\u00e7as regul\u00e1veis, renda no decote, rolot\u00ea para amarra\u00e7\u00e3o e forro.<\/p>\n<p>Composi\u00e7\u00e3o:<br \/>\n100% POLI\u00c9STER | FORRO 100% POLI\u00c9STER<\/p>\n<p>MEDIDAS<br \/>\nBusto: P:90cm |M:94cm |G:98cm<br \/>\nComprimento Total: P:60cm |M:61cm |G:62cm <\/p>\n","protected":false},"featured_media":86912,"template":"","meta":{"spay_email":""},"supplier_id":null,"supplier_sku":"","atum_controlled":true,"out_stock_date":null,"out_stock_threshold":null,"inheritable":true,"inbound_stock":0,"stock_on_hold":0,"sold_today":0,"sales_last_days":1,"reserved_stock":0,"customer_returns":0,"warehouse_damage":0,"lost_in_post":0,"other_logs":0,"out_stock_days":null,"lost_sales":0,"has_location":false,"update_date":"2026-02-28T17:51:36","atum_locations":[],"atum_stock_status":"instock","low_stock":false,"_links":{"self":[{"href":"https:\/\/modamentha.com.br\/index.php?rest_route=\/wp\/v2\/product\/86888"}],"collection":[{"href":"https:\/\/modamentha.com.br\/index.php?rest_route=\/wp\/v2\/product"}],"about":[{"href":"https:\/\/modamentha.com.br\/index.php?rest_route=\/wp\/v2\/types\/product"}],"wp:featuredmedia":[{"embeddable":true,"href":"https:\/\/modamentha.com.br\/index.php?rest_route=\/wp\/v2\/media\/86912"}],"wp:attachment":[{"href":"https:\/\/modamentha.com.br\/index.php?rest_route=%2Fwp%2Fv2%2Fmedia&parent=86888"}],"curies":[{"name":"wp","href":"https:\/\/api.w.org\/{rel}","templated":true}]}}