{"id":91209,"date":"2026-04-09T15:37:02","date_gmt":"2026-04-09T18:37:02","guid":{"rendered":"https:\/\/modamentha.com.br\/?post_type=product&#038;p=91209"},"modified":"2026-04-09T16:00:06","modified_gmt":"2026-04-09T19:00:06","slug":"calca-thalita","status":"publish","type":"product","link":"https:\/\/modamentha.com.br\/?product=calca-thalita","title":{"rendered":"Cal\u00e7a Thalita"},"content":{"rendered":"","protected":false},"excerpt":{"rendered":"<p>Modelagem ampla com caimento estruturado<br \/>\nCintura m\u00e9dia<br \/>\nConstru\u00e7\u00e3o de alfaiataria com linhas limpas<br \/>\nComprimento longo<br \/>\nFechamento frontal com z\u00edper e bot\u00e3o<br \/>\nTecido de alfaiataria com padronagem listrada e elastano<br \/>\nBolsos funcionais<\/p>\n<p>Composi\u00e7\u00e3o:<br \/>\n98% Poli\u00e9ster, 1% Poli\u00e9ster. Forro: 90% Poli\u00e9ster, 10% Elastano.<\/p>\n","protected":false},"featured_media":91155,"template":"","meta":{"spay_email":""},"supplier_id":null,"supplier_sku":"","atum_controlled":true,"out_stock_date":null,"out_stock_threshold":null,"inheritable":true,"inbound_stock":0,"stock_on_hold":0,"sold_today":null,"sales_last_days":null,"reserved_stock":0,"customer_returns":0,"warehouse_damage":0,"lost_in_post":0,"other_logs":0,"out_stock_days":null,"lost_sales":null,"has_location":false,"update_date":"2026-04-09T21:50:28","atum_locations":[],"atum_stock_status":"instock","low_stock":false,"_links":{"self":[{"href":"https:\/\/modamentha.com.br\/index.php?rest_route=\/wp\/v2\/product\/91209"}],"collection":[{"href":"https:\/\/modamentha.com.br\/index.php?rest_route=\/wp\/v2\/product"}],"about":[{"href":"https:\/\/modamentha.com.br\/index.php?rest_route=\/wp\/v2\/types\/product"}],"wp:featuredmedia":[{"embeddable":true,"href":"https:\/\/modamentha.com.br\/index.php?rest_route=\/wp\/v2\/media\/91155"}],"wp:attachment":[{"href":"https:\/\/modamentha.com.br\/index.php?rest_route=%2Fwp%2Fv2%2Fmedia&parent=91209"}],"curies":[{"name":"wp","href":"https:\/\/api.w.org\/{rel}","templated":true}]}}