{"id":91736,"date":"2026-04-22T16:21:34","date_gmt":"2026-04-22T19:21:34","guid":{"rendered":"https:\/\/modamentha.com.br\/?post_type=product&#038;p=91736"},"modified":"2026-05-13T17:19:22","modified_gmt":"2026-05-13T20:19:22","slug":"regata-assimetrica-floral","status":"publish","type":"product","link":"https:\/\/modamentha.com.br\/?product=regata-assimetrica-floral","title":{"rendered":"Regata Assim\u00e9trica Floral"},"content":{"rendered":"","protected":false},"excerpt":{"rendered":"<p>Regata assim\u00e9trica em yoryu estampado floral exclusiva. Possui len\u00e7o duplo na gola, fechamento em bot\u00e3o nas costas e forro.<\/p>\n<p>Composi\u00e7\u00e3o:<br \/>\n100% POLI\u00c9STER | FORRO 100% POLI\u00c9STER<\/p>\n<p>MEDIDAS:<br \/>\nBusto: P:90cm |M:94cm |G:98cm<br \/>\nComprimento Total: P:59cm |M:60cm |G:61cm <\/p>\n","protected":false},"featured_media":91660,"template":"","meta":{"spay_email":""},"supplier_id":null,"supplier_sku":"","atum_controlled":true,"out_stock_date":null,"out_stock_threshold":null,"inheritable":true,"inbound_stock":0,"stock_on_hold":0,"sold_today":0,"sales_last_days":0,"reserved_stock":0,"customer_returns":0,"warehouse_damage":0,"lost_in_post":0,"other_logs":0,"out_stock_days":null,"lost_sales":0,"has_location":false,"update_date":"2026-05-15T01:43:29","atum_locations":[],"atum_stock_status":"instock","low_stock":false,"_links":{"self":[{"href":"https:\/\/modamentha.com.br\/index.php?rest_route=\/wp\/v2\/product\/91736"}],"collection":[{"href":"https:\/\/modamentha.com.br\/index.php?rest_route=\/wp\/v2\/product"}],"about":[{"href":"https:\/\/modamentha.com.br\/index.php?rest_route=\/wp\/v2\/types\/product"}],"wp:featuredmedia":[{"embeddable":true,"href":"https:\/\/modamentha.com.br\/index.php?rest_route=\/wp\/v2\/media\/91660"}],"wp:attachment":[{"href":"https:\/\/modamentha.com.br\/index.php?rest_route=%2Fwp%2Fv2%2Fmedia&parent=91736"}],"curies":[{"name":"wp","href":"https:\/\/api.w.org\/{rel}","templated":true}]}}