{"id":91960,"date":"2026-04-24T17:21:54","date_gmt":"2026-04-24T20:21:54","guid":{"rendered":"https:\/\/modamentha.com.br\/?post_type=product&#038;p=91960"},"modified":"2026-06-11T12:11:00","modified_gmt":"2026-06-11T15:11:00","slug":"calca-jeans-tradicional-alta","status":"publish","type":"product","link":"https:\/\/modamentha.com.br\/?product=calca-jeans-tradicional-alta","title":{"rendered":"Cal\u00e7a Jeans Tradicional Alta"},"content":{"rendered":"","protected":false},"excerpt":{"rendered":"<p>Cal\u00e7a tradicional Alta Boot Cut \u00e9 a escolha ideal para mulheres que valorizam eleg\u00e2ncia atemporal, conforto e versatilidade no dia a dia. Com cintura alta e modelagem boot cut, levemente ajustada na coxa e com abertura sutil na barra<br \/>\nConfeccionada em denim premium, com composi\u00e7\u00e3o de 81% algod\u00e3o, 17% poli\u00e9ster e 2% elastano, oferece toque macio, excelente estrutura e elasticidade na medida certa, proporcionando liberdade de movimento e caimento impec\u00e1vel. A lavagem em jeans escuro refor\u00e7a o estilo cl\u00e1ssico e facilita combina\u00e7\u00f5es que v\u00e3o do look casual ao mais elegante.<\/p>\n","protected":false},"featured_media":91946,"template":"","meta":[],"class_list":["post-91960","product","type-product","status-publish","has-post-thumbnail","product_cat-calcas","first","instock","shipping-taxable","purchasable","product-type-variable"],"jetpack_sharing_enabled":true,"_links":{"self":[{"href":"https:\/\/modamentha.com.br\/index.php?rest_route=\/wp\/v2\/product\/91960","targetHints":{"allow":["GET"]}}],"collection":[{"href":"https:\/\/modamentha.com.br\/index.php?rest_route=\/wp\/v2\/product"}],"about":[{"href":"https:\/\/modamentha.com.br\/index.php?rest_route=\/wp\/v2\/types\/product"}],"wp:featuredmedia":[{"embeddable":true,"href":"https:\/\/modamentha.com.br\/index.php?rest_route=\/wp\/v2\/media\/91946"}],"wp:attachment":[{"href":"https:\/\/modamentha.com.br\/index.php?rest_route=%2Fwp%2Fv2%2Fmedia&parent=91960"}],"curies":[{"name":"wp","href":"https:\/\/api.w.org\/{rel}","templated":true}]}}

Calça Jeans Tradicional Alta

<p>Calça tradicional Alta Boot Cut é a escolha ideal para mulheres que valorizam elegância atemporal, conforto e versatilidade no dia a dia. Com cintura alta e modelagem boot cut, levemente ajustada na coxa e com abertura sutil na barra<br />
Confeccionada em denim premium, com composição de 81% algodão, 17% poliéster e 2% elastano, oferece toque macio, excelente estrutura e elasticidade na medida certa, proporcionando liberdade de movimento e caimento impecável. A lavagem em jeans escuro reforça o estilo clássico e facilita combinações que vão do look casual ao mais elegante.</p>
