{"id":96188,"date":"2026-08-24T10:51:56","date_gmt":"2026-08-24T13:51:56","guid":{"rendered":"https:\/\/modamentha.com.br\/?post_type=product&#038;p=96188"},"modified":"2026-08-24T13:47:41","modified_gmt":"2026-08-24T16:47:41","slug":"calca-reta-alfaiataria-7","status":"publish","type":"product","link":"https:\/\/modamentha.com.br\/?product=calca-reta-alfaiataria-7","title":{"rendered":"Cal\u00e7a Reta Alfaiataria"},"content":{"rendered":"","protected":false},"excerpt":{"rendered":"<p>Cal\u00e7a reta em alfaiataria span. Possui bot\u00e3o interno e colchete interno, z\u00edper de nylon e bolso faca.<\/p>\n<p>90% POLI\u00c9STER 10% ELASTANO | FORRO 100% POLI\u00c9STER<\/p>\n<p>MEDIDAS<br \/>\nCintura: P: 72 cm | M: 76 cm | G: 80 cm<br \/>\nQuadril: P: 100 cm | M: 104 cm | G: 108 cm<br \/>\nComprimento Total: P: 114 cm | M: 115 cm | G: 116 cm <\/p>\n","protected":false},"featured_media":96170,"template":"","meta":[],"class_list":["post-96188","product","type-product","status-publish","has-post-thumbnail","product_cat-calcas","first","instock","shipping-taxable","purchasable","product-type-variable"],"jetpack_sharing_enabled":true,"_links":{"self":[{"href":"https:\/\/modamentha.com.br\/index.php?rest_route=\/wp\/v2\/product\/96188","targetHints":{"allow":["GET"]}}],"collection":[{"href":"https:\/\/modamentha.com.br\/index.php?rest_route=\/wp\/v2\/product"}],"about":[{"href":"https:\/\/modamentha.com.br\/index.php?rest_route=\/wp\/v2\/types\/product"}],"wp:featuredmedia":[{"embeddable":true,"href":"https:\/\/modamentha.com.br\/index.php?rest_route=\/wp\/v2\/media\/96170"}],"wp:attachment":[{"href":"https:\/\/modamentha.com.br\/index.php?rest_route=%2Fwp%2Fv2%2Fmedia&parent=96188"}],"curies":[{"name":"wp","href":"https:\/\/api.w.org\/{rel}","templated":true}]}}

Calça Reta Alfaiataria

<p>Calça reta em alfaiataria span. Possui botão interno e colchete interno, zíper de nylon e bolso faca.</p>
<p>90% POLIÉSTER 10% ELASTANO | FORRO 100% POLIÉSTER</p>
<p>MEDIDAS<br />
Cintura: P: 72 cm | M: 76 cm | G: 80 cm<br />
Quadril: P: 100 cm | M: 104 cm | G: 108 cm<br />
Comprimento Total: P: 114 cm | M: 115 cm | G: 116 cm </p>
