{"id":96509,"date":"2026-08-31T19:48:25","date_gmt":"2026-08-31T22:48:25","guid":{"rendered":"https:\/\/modamentha.com.br\/?post_type=product&#038;p=96509"},"modified":"2026-08-31T19:48:25","modified_gmt":"2026-08-31T22:48:25","slug":"macacao-alfaiataria-recortes-faixa","status":"publish","type":"product","link":"https:\/\/modamentha.com.br\/?product=macacao-alfaiataria-recortes-faixa","title":{"rendered":"Macac\u00e3o Alfaiataria Recortes Faixa"},"content":{"rendered":"","protected":false},"excerpt":{"rendered":"<p>Macac\u00e3o em alfaiataria mista com elastano encorpada. Possui recortes, bolso faca, fechamento em bot\u00e3o, z\u00edper de metal fixo e forro.<\/p>\n<p>95% POLI\u00c9STER 5% ELASTANO | FORRO 100% POLI\u00c9STER<\/p>\n<p>MEDIDAS<br \/>\nBusto: P: 90 cm | M: 94 cm | G: 98 cm<br \/>\nCintura: P: 72 cm | M: 76 cm | G: 80 cm<br \/>\nQuadril: P: 98 cm | M: 102 cm | G: 106 cm<br \/>\nComprimento Total: P: 114 cm | M: 115 cm | G: 116 cm <\/p>\n","protected":false},"featured_media":96530,"template":"","meta":[],"class_list":["post-96509","product","type-product","status-publish","has-post-thumbnail","product_cat-macacao","first","instock","shipping-taxable","purchasable","product-type-variable"],"jetpack_sharing_enabled":true,"_links":{"self":[{"href":"https:\/\/modamentha.com.br\/index.php?rest_route=\/wp\/v2\/product\/96509","targetHints":{"allow":["GET"]}}],"collection":[{"href":"https:\/\/modamentha.com.br\/index.php?rest_route=\/wp\/v2\/product"}],"about":[{"href":"https:\/\/modamentha.com.br\/index.php?rest_route=\/wp\/v2\/types\/product"}],"wp:featuredmedia":[{"embeddable":true,"href":"https:\/\/modamentha.com.br\/index.php?rest_route=\/wp\/v2\/media\/96530"}],"wp:attachment":[{"href":"https:\/\/modamentha.com.br\/index.php?rest_route=%2Fwp%2Fv2%2Fmedia&parent=96509"}],"curies":[{"name":"wp","href":"https:\/\/api.w.org\/{rel}","templated":true}]}}

Macacão Alfaiataria Recortes Faixa

<p>Macacão em alfaiataria mista com elastano encorpada. Possui recortes, bolso faca, fechamento em botão, zíper de metal fixo e forro.</p>
<p>95% POLIÉSTER 5% ELASTANO | FORRO 100% POLIÉSTER</p>
<p>MEDIDAS<br />
Busto: P: 90 cm | M: 94 cm | G: 98 cm<br />
Cintura: P: 72 cm | M: 76 cm | G: 80 cm<br />
Quadril: P: 98 cm | M: 102 cm | G: 106 cm<br />
Comprimento Total: P: 114 cm | M: 115 cm | G: 116 cm </p>
